{"id":80,"date":"2021-03-21T11:30:46","date_gmt":"2021-03-21T10:30:46","guid":{"rendered":"http:\/\/www.ilgirasoledeifolletti.it\/?page_id=80"},"modified":"2021-03-27T10:22:41","modified_gmt":"2021-03-27T09:22:41","slug":"regolamento","status":"publish","type":"page","link":"https:\/\/www.ilgirasoledeifolletti.it\/?page_id=80","title":{"rendered":"REGOLAMENTO"},"content":{"rendered":"<h2><b>Conosciamoci meglio<\/b><\/h2>\n<p><em>Apertura e Orari<\/em><br \/>Il Girasole dei Folletti \u00e8 aperto da settembre a luglio compresi.<br \/>L&#8217;entrata \u00e8 prevista dalle ore 7.30 alle ore 9.30<br \/>La prima uscita \u00e8 alle 13.30, la seconda uscita alle 15.00, la terza\u00a0uscita alle 16.30, l&#8217;ultima uscita alle 18.00<\/p>\n<p><i>Colloqui e ambientamento<\/i><br \/>Durante l&#8217;anno sono previsti incontri individuali con i genitori e collettivi.<br \/>L&#8217;ambientamento prevede un periodo di diponibilit\u00e0 da parte di almeno uno dei due genitori, o comunque di un familiare da stabilire con le educatrici.<br \/>Qualora il genitore intenda cambiare la fascia oraria dovr\u00e0 parlarne in direzione.<\/p>\n<p><i>Chiusura<\/i><br \/>La scuola osserver\u00e0 la sospensione delle attivit\u00e0 in concomitanza di festivit\u00e0 o disinfestazioni e i genitori saranno avvertiti anticipatamente.\u00a0<\/p>\n<p><i>Salute<\/i><br \/>Per ragioni di sicurezza si richiede la fotocopia del libretto delle vaccinazioni obbligatorie, a disposizione del pediatra che \u00e8 interno alla struttura.<br \/>Il bambino che presenta i seguenti malesseri dovr\u00e0 essere allontanato dal nido, per tutelare il suo benessere e quello della comunit\u00e0:<br \/>&#8211; febbre da 37,5\u00b0 in su<br \/>&#8211; dissenteria<br \/>&#8211; vomito<br \/>&#8211; otite<br \/>&#8211; bronchite asmatica<br \/>&#8211; congiuntivite<br \/>&#8211; pediculosi<br \/>&#8211; malattia esantematiche (varicella, morbillo, parotite, scarlattina)<\/p>\n<p><i>Occorrente per ogni bambino<\/i><br \/>&#8211; sacca per riporre gli indumenti<br \/>&#8211; cambio completo (intimo, calze, tuta) da tenere in ludoteca<br \/>&#8211; asciugamano<br \/>&#8211; pannolini (per chi li usa)<br \/>&#8211; biberon, ciuccio e portaciuccio (per chi li usa)<br \/>&#8211; scarpine di ricambio<\/p>\n<h4><small><\/small><small><span class=\"TITLE_WHITE\">Scopri la nostra <a href=\"http:\/\/www.ilgirasoledeifolletti.it\/?page_id=95\">giornata tipo<\/a><\/span><\/small><br \/><small><span class=\"TITLE_WHITE\"><br \/>Guarda il nostro <a href=\"http:\/\/www.ilgirasoledeifolletti.it\/?page_id=107\">men\u00f9 settimanale<\/a><\/span><\/small><\/h4>\n<p><img loading=\"lazy\" decoding=\"async\" class=\"aligncenter size-full wp-image-149\" src=\"http:\/\/www.ilgirasoledeifolletti.it\/wp-content\/uploads\/2021\/03\/regolamento.jpg\" alt=\"\" width=\"1359\" height=\"242\" srcset=\"https:\/\/www.ilgirasoledeifolletti.it\/wp-content\/uploads\/2021\/03\/regolamento.jpg 1359w, https:\/\/www.ilgirasoledeifolletti.it\/wp-content\/uploads\/2021\/03\/regolamento-300x53.jpg 300w, https:\/\/www.ilgirasoledeifolletti.it\/wp-content\/uploads\/2021\/03\/regolamento-1024x182.jpg 1024w, https:\/\/www.ilgirasoledeifolletti.it\/wp-content\/uploads\/2021\/03\/regolamento-768x137.jpg 768w\" sizes=\"auto, (max-width: 1359px) 100vw, 1359px\" \/><\/p>\n\n\n<p><\/p>\n","protected":false},"excerpt":{"rendered":"<p>Conosciamoci meglio Apertura e OrariIl Girasole dei Folletti \u00e8 aperto da settembre a luglio compresi.L&#8217;entrata \u00e8 prevista dalle ore 7.30 &hellip; <a href=\"https:\/\/www.ilgirasoledeifolletti.it\/?page_id=80\" class=\"more-link\"><span class=\"more-button\">Continue Reading<span class=\"screen-reader-text\">REGOLAMENTO<\/span><\/span><\/a><\/p>\n","protected":false},"author":1,"featured_media":0,"parent":0,"menu_order":0,"comment_status":"closed","ping_status":"closed","template":"","meta":{"footnotes":""},"class_list":["post-80","page","type-page","status-publish","hentry"],"_links":{"self":[{"href":"https:\/\/www.ilgirasoledeifolletti.it\/index.php?rest_route=\/wp\/v2\/pages\/80","targetHints":{"allow":["GET"]}}],"collection":[{"href":"https:\/\/www.ilgirasoledeifolletti.it\/index.php?rest_route=\/wp\/v2\/pages"}],"about":[{"href":"https:\/\/www.ilgirasoledeifolletti.it\/index.php?rest_route=\/wp\/v2\/types\/page"}],"author":[{"embeddable":true,"href":"https:\/\/www.ilgirasoledeifolletti.it\/index.php?rest_route=\/wp\/v2\/users\/1"}],"replies":[{"embeddable":true,"href":"https:\/\/www.ilgirasoledeifolletti.it\/index.php?rest_route=%2Fwp%2Fv2%2Fcomments&post=80"}],"version-history":[{"count":6,"href":"https:\/\/www.ilgirasoledeifolletti.it\/index.php?rest_route=\/wp\/v2\/pages\/80\/revisions"}],"predecessor-version":[{"id":335,"href":"https:\/\/www.ilgirasoledeifolletti.it\/index.php?rest_route=\/wp\/v2\/pages\/80\/revisions\/335"}],"wp:attachment":[{"href":"https:\/\/www.ilgirasoledeifolletti.it\/index.php?rest_route=%2Fwp%2Fv2%2Fmedia&parent=80"}],"curies":[{"name":"wp","href":"https:\/\/api.w.org\/{rel}","templated":true}]}}

<h2><b>Conosciamoci meglio</b></h2>
<p><em>Apertura e Orari</em><br />Il Girasole dei Folletti è aperto da settembre a luglio compresi.<br />L&#8217;entrata è prevista dalle ore 7.30 alle ore 9.30<br />La prima uscita è alle 13.30, la seconda uscita alle 15.00, la terza uscita alle 16.30, l&#8217;ultima uscita alle 18.00</p>
<p><i>Colloqui e ambientamento</i><br />Durante l&#8217;anno sono previsti incontri individuali con i genitori e collettivi.<br />L&#8217;ambientamento prevede un periodo di diponibilità da parte di almeno uno dei due genitori, o comunque di un familiare da stabilire con le educatrici.<br />Qualora il genitore intenda cambiare la fascia oraria dovrà parlarne in direzione.</p>
<p><i>Chiusura</i><br />La scuola osserverà la sospensione delle attività in concomitanza di festività o disinfestazioni e i genitori saranno avvertiti anticipatamente. </p>
<p><i>Salute</i><br />Per ragioni di sicurezza si richiede la fotocopia del libretto delle vaccinazioni obbligatorie, a disposizione del pediatra che è interno alla struttura.<br />Il bambino che presenta i seguenti malesseri dovrà essere allontanato dal nido, per tutelare il suo benessere e quello della comunità:<br />&#8211; febbre da 37,5° in su<br />&#8211; dissenteria<br />&#8211; vomito<br />&#8211; otite<br />&#8211; bronchite asmatica<br />&#8211; congiuntivite<br />&#8211; pediculosi<br />&#8211; malattia esantematiche (varicella, morbillo, parotite, scarlattina)</p>
<p><i>Occorrente per ogni bambino</i><br />&#8211; sacca per riporre gli indumenti<br />&#8211; cambio completo (intimo, calze, tuta) da tenere in ludoteca<br />&#8211; asciugamano<br />&#8211; pannolini (per chi li usa)<br />&#8211; biberon, ciuccio e portaciuccio (per chi li usa)<br />&#8211; scarpine di ricambio</p>
<h4><small></small><small><span class="TITLE_WHITE">Scopri la nostra <a href="http://www.ilgirasoledeifolletti.it/?page_id=95">giornata tipo</a></span></small><br /><small><span class="TITLE_WHITE"><br />Guarda il nostro <a href="http://www.ilgirasoledeifolletti.it/?page_id=107">menù settimanale</a></span></small></h4>
<p><img loading="lazy" decoding="async" class="aligncenter size-full wp-image-149" src="http://www.ilgirasoledeifolletti.it/wp-content/uploads/2021/03/regolamento.jpg" alt="" width="1359" height="242" srcset="https://www.ilgirasoledeifolletti.it/wp-content/uploads/2021/03/regolamento.jpg 1359w, https://www.ilgirasoledeifolletti.it/wp-content/uploads/2021/03/regolamento-300x53.jpg 300w, https://www.ilgirasoledeifolletti.it/wp-content/uploads/2021/03/regolamento-1024x182.jpg 1024w, https://www.ilgirasoledeifolletti.it/wp-content/uploads/2021/03/regolamento-768x137.jpg 768w" sizes="auto, (max-width: 1359px) 100vw, 1359px" /></p>


<p></p>

<p>Conosciamoci meglio Apertura e OrariIl Girasole dei Folletti è aperto da settembre a luglio compresi.L&#8217;entrata è prevista dalle ore 7.30 &hellip; <a href="https://www.ilgirasoledeifolletti.it/?page_id=80" class="more-link"><span class="more-button">Continue Reading<span class="screen-reader-text">REGOLAMENTO</span></span></a></p>
